t of d?
1
Let i = 26 - -30. What is the units digit of i?
6
Let o = -46 - -117. What is the tens digit of o?
7
Let d = -3 - -35. What is the tens digit of d?
3
Let w = 650 + -420. What is the units digit of w?
0
What is the tens digit of ((-32)/(-8))/(2/15)?
3
Let q be ((-12)/(-15))/((-6)/(-15)). Suppose 48 = 2*t + 3*p, -5*t - q*p = 2*p - 127. What is the tens digit of t?
2
Suppose 2*y = -y + 15. Suppose -t = y*x - 43, t + 20 = 2*x - 0*x. What is the units digit of x?
9
Let f(s) = -s**3 - 13*s**2 - 12*s - 3. Let z be f(-12). Let v be (z/(-3))/((-1)/(-4)). Suppose 3*c + v = 25. What is the units digit of c?
7
Let h(b) = -b**3 - 4*b**2 + b + 2. Let a = 7 - -10. Let k = 12 - a. What is the units digit of h(k)?
2
Suppose -2*v = v - 6. Let h(u) = 7*u - 5. What is the units digit of h(v)?
9
Suppose -3*v + 18 = -3*b, -2*v - 4*b - 6 = -0*b. Suppose -v*x - 6 = -0*x. What is the units digit of 0 + (2 + -2 - x)?
2
Suppose -12*w - 93 = -15*w. What is the tens digit of w?
3
Let i be -3 + ((-18)/(-3))/3. Let z(h) = -h**3 - h. Let w be z(i). Suppose -w*q + 0*q = -32. What is the units digit of q?
6
Suppose 2*q + 20 = 4*x, 2*q = -3*q - 20. Suppose 29 + 35 = -5*k - 3*g, x*k + 34 = -4*g. What is the units digit of 260/28 + 4/k?
9
Suppose 5*v - 168 = 2*v. What is the tens digit of v?
5
Suppose 4*d - 18 = j, 0 = 2*d - 0*d - 8. Let s be ((-6)/2 + j)*-1. Let b = s - -1. What is the units digit of b?
6
Let z(a) = -a**2 - a + 15. Let r be (-9)/(-7) + 2/(-7). Let w be (-1 - -1 - r) + 1. What is the units digit of z(w)?
5
Let l(m) = m**3 - m**2 + 5*m - 6. What is the tens digit of l(3)?
2
Let o be 6*(1 + (-3)/(-6)). Let g = 9 - 6. Let h = o + g. What is the tens digit of h?
1
Let i = 27 + -11. Suppose -c = -5*c - i. What is the units digit of 6 + c + 2 + 0?
4
Let o(h) = 9*h**2 - 1. Let p(x) = x**3 - 6*x**2 + 5*x + 1. Suppose -n = -3*u + 14, -4*n = u - 5*n - 4. Let g be p(u). What is the units digit of o(g)?
8
Let l = 42 - -7. What is the units digit of l?
9
Suppose 0 = -4*k + 6*k. Suppose m - 8 = -k. What is the units digit of m?
8
Suppose -408 = -4*c + s, 0 = 7*s - 2*s - 20. What is the units digit of c?
3
Let b = 121 - -60. What is the tens digit of b?
8
Let p(x) = 2*x. Let d be p(1). Suppose -4*c + d*c + 16 = 0. What is the units digit of c?
8
Suppose -5*g + w + 228 = 0, 4*g = 6*g + 5*w - 102. What is the tens digit of g?
4
What is the tens digit of ((-15)/6 - -2) + 258/4?
6
Suppose 4*u - 3*x - 28 = 2*x, 0 = 5*x. Let a = -4 + u. Suppose -2 = -p + 4*q, a*q = -5*p + 44 + 12. What is the units digit of p?
0
Suppose -3*f + 4 = -2*f. What is the units digit of (-3)/(-12) - (-35)/f?
9
Let o(y) = -y**3 + 7*y**2 - 5*y - 7. Let h be o(6). Let q be ((-20)/2)/(h + -1). Suppose 5*z - 20 = -q. What is the units digit of z?
3
Let a be (-2)/(-11) - (-62)/22. Suppose p = -0*p + a*l - 15, 4*p + 4*l = -28. Let z = 2 - p. What is the tens digit of z?
1
Let t = 352 - 198. What is the tens digit of t?
5
Let j(c) = 5*c**2 - 2*c + 1. Let v = -3 + 4. Let h be j(v). Suppose 0 = 5*n + 3*x - 38, -h*n + 17 = -x - 27. What is the units digit of n?
0
Let g = -9 + 34. What is the units digit of g?
5
Let d(l) = 7*l - 26. What is the tens digit of d(20)?
1
Let m = -3 + 6. Suppose -4*n - z = -34, -m*n - z = 7 - 33. What is the units digit of n?
8
Let i(z) = 25*z**3 - z**2 + 1. Let a be i(1). Suppose -7*s - a = -2*s. Let j = 11 + s. What is the units digit of j?
6
Let c = 9 + 20. What is the units digit of c?
9
Let t(i) = -i**2 - 5*i. Let s be t(-5). Suppose -4*g + 0*g + 48 = s. What is the tens digit of g?
1
Let x be 18 - 3/(1*-3). Let j be (0 + -1)/((-4)/(-52)). Let y = x + j. What is the units digit of y?
6
What is the units digit of 48/7 - 5/(-35)?
7
Let j(o) = -o**2 + 4*o - 1. Let m be j(5). Let n be 0 + (1 - (m + 2)). Suppose 3*g - 7*p = -2*p + 26, 10 = -5*g - n*p. What is the units digit of g?
2
Let y be (44/(-12))/(2/18). Let k be (-1413)/y - 6/(-33). Suppose 5*t - 3*n - k = 0, -3*n + 67 = 5*t - 0*t. What is the tens digit of t?
1
Let v = 1 - 1. Suppose 35 = -v*t + 5*t. What is the units digit of t?
7
Suppose -4*f + 375 = -89. What is the tens digit of f?
1
Suppose -3*y = -5*x - 2*y + 8, 2*y = 4. Let s be 62 + x/((-2)/(-3)). Suppose -4*r + 65 = r + 3*w, 5*w - s = -5*r. What is the tens digit of r?
1
Let f be (-15)/(-2) + 3/6. Let p = -4 - f. What is the tens digit of -1 - ((-1)/1 + p)?
1
Let f(j) be the first derivative of -j**5/60 - j**4/4 + j**3/6 + j**2 - 1. Let z(o) be the second derivative of f(o). What is the units digit of z(-6)?
1
Suppose -695 = -g - 4*g - 2*x, 5*g + 4*x = 705. What is the hundreds digit of g?
1
Suppose 5*d = -3*g + 95, 3*g + 16 + 17 = 3*d. What is the units digit of d?
6
Let k(l) = 3*l + 43. Let s be k(-16). Suppose -31 = 3*n - 1. What is the tens digit of ((-4)/s)/(n/(-125))?
1
What is the hundreds digit of (2 + -226)/((-1)/(-1)*-1)?
2
What is the tens digit of 2 + -4 - ((-159 - 3) + -4)?
6
Let l = -1 - 0. Suppose 2 = 2*v - v, 3*v - 8 = -2*d. Let g = d - l. What is the units digit of g?
2
Let x = -83 - -61. Suppose 2*s = -s + 108. Let k = x + s. What is the tens digit of k?
1
Let t(g) = g**3 - 8*g**2 + 7*g + 22. What is the tens digit of t(7)?
2
Let d(t) = -t**3 + 7*t**2 + 7*t + 9. Let x be d(8). What is the units digit of (37/3)/(x/3)?
7
Let c be 4 - 0*3/9. Suppose -17 = -c*h + 3. What is the units digit of h?
5
Suppose 2*s + 0*s = 10. Let x(q) = 3*q - 2. Let i be x(s). Let a = 0 + i. What is the tens digit of a?
1
Suppose 0 = 2*b - 3*w - 191 + 39, w - 346 = -5*b. Suppose 3*a = 5*r + 32, 5*a + 0*a - b = 5*r. What is the tens digit of a?
1
Suppose 2*s + 2 + 0 = 0, 0 = 2*w - 4*s + 4. What is the tens digit of ((-26)/w - 4)*14?
3
Let o(q) = q**2 + 7*q - 15. What is the tens digit of o(-14)?
8
Let v = 2 + 2. Suppose -20 = -v*l - l. What is the units digit of l?
4
Suppose -5*u = -0*u. Suppose -3*i - g = -28, u = -4*i - 6*g + 2*g + 32. What is the units digit of i?
0
Let i(l) = -l**2 - 4. Let w be i(0). What is the units digit of (w/(-3 + -1))/1?
1
Let o(m) = -m**2 + 15*m - 6. Let w be o(10). Suppose -2*u + w = 2*u. What is the units digit of u?
1
What is the tens digit of (0 + 1)/((-6)/(-246))?
4
Let y = -32 + 41. What is the units digit of y?
9
Let f(a) = -2*a**3 - 3*a**2 - 6*a - 7. What is the hundreds digit of f(-6)?
3
Suppose 19 = 3*u + 16. Suppose 0 = -3*p + u + 11. What is the units digit of p?
4
Let y(t) = -t**2 - 17*t + 12. Let d be y(-16). Suppose 92 = 4*o + d. What is the units digit of o?
6
Suppose 0 = 2*o - 20 + 8. Let k = -7 + o. What is the units digit of k/(-2*3/18)?
3
Let x(h) = h + 10. What is the tens digit of x(3)?
1
Suppose 2*r + 3*j = 35, -2*r = -0*r - j - 23. Suppose -3*w + 36 - r = 2*v, -4*v = -3*w + 53. What is the tens digit of w?
1
Let r(v) be the second derivative of -v**3/3 - 2*v**2 - 4*v. What is the units digit of r(-3)?
2
Let t(v) = v**3 - 12*v**2 + 10*v + 9. Let q be t(11). What is the units digit of q*45/(-3) + -2?
8
Let p be (-3 + -4 - -1)/1. Let b(x) = 2*x**2 + 9*x + 6. What is the tens digit of b(p)?
2
Let k be ((-27)/(-3))/(1 + 0). Suppose 3*b - k = 6. What is the units digit of b?
5
Let r(t) = 12*t + 47. What is the hundreds digit of r(11)?
1
Let y(i) be the first derivative of -i**4/4 - 5*i**3/3 - i**2/2 - 2*i - 1. Let h be y(-5). Suppose -9 = -3*g + h. What is the units digit of g?
4
Let m(h) = 98*h + 1. What is the hundreds digit of m(2)?
1
Let m(r) = -r**3 + r**2 + 1. Let j(q) = 2*q**3 - 2*q**2 + 2*q - 2. Let g(t) = j(t) + m(t). What is the units digit of g(2)?
7
Let u be (-8 - -2 - -2)*-1. What is the units digit of ((-20)/(-25))/(u/10)?
2
Let b be 42/(-9)*36/(-14). Let v = -4 + b. What is the units digit of v?
8
Let s(h) = -h + 6 + 5 + 4 - 5. What is the units digit of s(5)?
5
Let h be (10/6)/((-3)/(-9)). Suppose 54 = 8*d - h*d. What is the units digit of d?
8
What is the units digit of (0 + 60 - (4 - 5)) + 3?
4
What is the units digit of -2 + 604/12 - 8/6?
7
Suppose -2*y = y - 54. Let n = 22 - y. What is the units digit of n?
4
Let r(t) = -t**2 - 11*t + 6. Let z(h) = -h**3 + h**2 + h - 11. Let v be z(0). What is the units digit of r(v)?
6
Let a be (-1 - 5)*(-4)/8. Suppose 0*q - 51 = -a*q. What is the tens digit of q?
1
What is the tens digit of (22/1)/(14/49)?
7
Suppose i = 15 + 51. What is the units digit of i?
6
Let q(